- 3 = r*p. Let u(o) = -o + 1. What is the remainder when 5 is divided by u(p)?
2
Let s = -290 + 297. What is the remainder when 2 + (-2)/(2/(-9)) is divided by s?
4
Suppose -43 = -2*n + 5*f, -5*n = -3*f - 18 - 99. Let s = -66 - -79. What is the remainder when n is divided by s?
11
Let o be 39/(-12) - 2/(-8). Let q = o - -5. Suppose -q*x + 26 = 4*k - 0*k, 5*k - 70 = -5*x. What is the remainder when x is divided by 8?
7
Let p(w) = w**2 + w + 2. Let g be p(-2). What is the remainder when (g - 3)*14/2 is divided by 26/8 + (-2)/8?
1
Suppose 4*y - m - 81 - 53 = 0, -3*y + 93 = 3*m. What is the remainder when y is divided by 3?
0
Let j(s) = -3*s - 26. Calculate the remainder when (-46)/(-2 + 4 + -4) is divided by j(-13).
10
Calculate the remainder when 43 is divided by (11 - (-5)/1) + 0 + 1.
9
Let z be ((-44)/(-5))/((-2)/10). What is the remainder when 68/11 + 8/z is divided by 4?
2
Let j = -20 - -49. What is the remainder when j is divided by 6?
5
What is the remainder when (-191)/(5/(-5))*(-3 + 4) is divided by 15?
11
Let g(r) = -r**3 + 4*r**2 - 4. Let j be g(4). Let d(b) = -9*b**3 - b**2 + b - 1. Let o be d(1). Let f = j - o. Calculate the remainder when 16 is divided by f.
4
Let m(s) = 7*s - 8. What is the remainder when m(8) is divided by 25?
23
Let l be -1*58*(-2)/(-4). Let d = 16 - 61. Let w = l - d. What is the remainder when w is divided by 6?
4
Suppose 2 = -2*a - 3*b + 18, -4*b + 10 = -3*a. Suppose a*n + 6 = -2, 4*n = -y - 28. Let f = y - -27. Calculate the remainder when 57 is divided by f.
12
Let d = -13 + 29. Suppose -33 = 4*h + 5*y, -y + 0*y - 5 = 0. Calculate the remainder when 20 is divided by (-4 - h) + (d - 3).
9
What is the remainder when (14/(-6))/(18/(-270)) is divided by 9?
8
Let t = 10 - 3. Let s = 13 - t. Calculate the remainder when 17 is divided by s.
5
Suppose -22*o = -19*o - 3. What is the remainder when o is divided by 1?
0
Let q = -4 - -11. What is the remainder when 38 is divided by q?
3
Let r(y) = 3*y - 7 + 4 - 5. Calculate the remainder when 31 - 1/(2/2) is divided by r(8).
14
Let i(g) = -g**2 - 7*g + 10. Let t be i(-8). Let h be 114*(1/t)/(-1). Let v = -32 - h. Calculate the remainder when v is divided by 9.
7
Suppose 4*o + 136 = 4*s, 12 = -2*s - 3*o + 55. Suppose -2*h - 3 = -s. What is the remainder when 24 is divided by h?
11
Suppose 0*n - 5*n + 140 = 0. Suppose 6*a - 16 = 2*a. Suppose -a*q + 61 = 21. Calculate the remainder when n is divided by q.
8
Let m = -2 + 0. Let l be m/4 + (-11)/(-2). What is the remainder when (56/10)/(1/l) is divided by 10?
8
Let b = 15 - 10. What is the remainder when b is divided by 4?
1
Let t(i) = -i**3 - 2*i**2 - i - 2. Suppose -f + 4*f = 15. Suppose 4*b = n - 11 - f, -b = 3*n - 9. Calculate the remainder when 29 is divided by t(b).
9
Suppose 0 = 7*i - 3*i - 92. Calculate the remainder when i is divided by 6.
5
Let j(z) = z**3 + z**2 + z + 1. Let h be j(2). Let p = 61 - h. Calculate the remainder when p is divided by 12.
10
Let l = -11 - -16. Let h = l + 11. Calculate the remainder when 1/(-3) + (-91)/(-3) is divided by h.
14
Let d = -36 + 55. Calculate the remainder when 54 + (-3 + 0)/(-3) is divided by d.
17
Let l = -5 - -9. Suppose -4*i - l*g + 20 = -g, -2*i + 8 = g. What is the remainder when 2 is divided by i?
0
What is the remainder when 4/(-12) + (-570)/(-9) is divided by 16?
15
Let t(r) = -2*r + 4. What is the remainder when t(0) is divided by 2?
0
Let p = -11 + 14. Let z(q) = -6*q**3 + q**2 - q - 1. Let o be (-1)/(0 + -1 + 2). Calculate the remainder when z(o) is divided by p.
1
What is the remainder when 34 is divided by 6 - ((-4 - -1) + -1)?
4
Let a(p) = p**3 - p**2. Suppose 3*z - 29 = -2*k, 4*z - 46 + 8 = -3*k. What is the remainder when z is divided by a(2)?
3
Calculate the remainder when (52/6)/(2/6) is divided by 14.
12
Suppose -3*k + 0*k + 18 = 0. Let o be 3/k*2*0. Suppose -2*m + m - z + 24 = o, 0 = 2*m - 3*z - 38. What is the remainder when 65 is divided by m?
21
Let k(v) be the second derivative of 9*v**3/2 - 7*v. What is the remainder when k(1) is divided by 10?
7
Let n(d) = d**2 - 7*d + 10. What is the remainder when 10 is divided by n(6)?
2
Suppose 0 = -4*s - 47 + 111. What is the remainder when 29 is divided by s?
13
Suppose 0 = -3*i + 2*k + 15 + 14, 4*i = -k + 46. Calculate the remainder when 19 is divided by i.
8
Let m(n) be the first derivative of n**4/4 + n**3/3 + n**2/2 + 3*n - 3. Calculate the remainder when m(3) is divided by 9.
6
Let z = 3 + -5. Let a(c) = -c**3 + 2*c + 3. Calculate the remainder when 12 is divided by a(z).
5
Calculate the remainder when (-2 - -51) + -2 - (-2)/(-2) is divided by 10.
6
Let w(m) = -m**3 + 5*m**2 - m + 5. Let u be w(5). Suppose 5*f - 20 = -u*f. Calculate the remainder when 6 is divided by f.
2
Let s = 14 + -1. What is the remainder when s is divided by 4?
1
Let n = 1 + 3. Suppose -7*m = -6*m - n. Suppose -w = -m*w + 57. Calculate the remainder when 56 is divided by w.
18
Calculate the remainder when 83 is divided by 31 - (3/3 + 2).
27
Let w = 77 + -54. What is the remainder when 89 is divided by w?
20
Let u = -10 + 16. Suppose 2*i - 6 = u. Suppose 0 = -0*r + 2*r - 32. What is the remainder when r is divided by i?
4
Suppose -3*z = -108 - 108. What is the remainder when z is divided by 19?
15
Let x be (-2)/4*0/(-3). Let i = -3 + x. Let j = i + 8. What is the remainder when j is divided by 3?
2
Suppose 0 = -2*l - 3*l - 40. Let v(d) = d**2 + 7*d + 8. Suppose -4*z = -0*z - 120. What is the remainder when z is divided by v(l)?
14
Suppose 13 = 2*y - 1. Let x = 37 - y. What is the remainder when x is divided by 11?
8
Let h be ((-36)/16)/((-6)/128). Suppose p + 3*p = h. What is the remainder when 33 is divided by p?
9
Suppose 14*o - 1914 - 18 = 0. Calculate the remainder when o is divided by 20.
18
Let f = 24 + -15. Calculate the remainder when f is divided by 5.
4
Suppose 0 = 4*k + 12, -2*k - 25 = -3*g - 10. Let v be (-27)/(-15) - (-1)/5. Let h(c) = c**3 - c**2 + c - 2. What is the remainder when h(v) is divided by g?
1
Let j(g) = 5*g + 5. What is the remainder when j(6) is divided by 12?
11
Let q(b) = -b + 12. Calculate the remainder when 30 is divided by q(-5).
13
Suppose 95 + 1 = 4*h. Let p be (-1)/(-4) - 38/(-8). Suppose 70 - 5 = p*m. What is the remainder when h is divided by m?
11
Let o = -5 + 8. Suppose -v + 4*v + 5*f - o = 0, 2*v + 5*f = -3. Suppose -h + v*h = 50. What is the remainder when 28 is divided by h?
8
Let k = -10 + 14. Suppose -5*z + 44 = 3*t - 21, 5*t - k*z - 59 = 0. Calculate the remainder when 42 is divided by t.
12
Let z = 0 + 5. Suppose -5*p + p = -u + 17, -3*u + p = -29. What is the remainder when u is divided by z?
4
Let v = 67 - 49. Let m(b) = -b**3 - b**2 - b + 10. What is the remainder when v is divided by m(0)?
8
Let k = -108 - -145. What is the remainder when k is divided by 19?
18
Let d be ((-30)/24)/((-2)/24). Let p = d - 7. What is the remainder when 14 is divided by p?
6
Let c = -17 + 63. Suppose -6*m + 43 + 29 = 0. What is the remainder when c is divided by m?
10
What is the remainder when ((-184)/6)/(3*(-4)/18) is divided by 24?
22
Let p(j) = j**3 + 2*j**2 - 4*j - 3. Let i be p(-3). Let u(k) = -2*k**2 + k + 11. Calculate the remainder when 18 is divided by u(i).
7
Let v(b) be the first derivative of -b**3/3 - b**2 + 5*b + 2. Let o be v(-4). Let h(a) = 2*a**2 - 3*a - 3. What is the remainder when h(o) is divided by 13?
11
Let f(n) = n**2 + n + 4. Let s be f(-4). Suppose l = 3*l - s. Calculate the remainder when l is divided by 3.
2
Let l(p) = p**2 + 4*p - 7. Let i(n) = -2*n**2 - 16*n - 9. What is the remainder when l(-7) is divided by i(-7)?
4
Suppose 0*c = -2*z + 4*c + 36, 0 = 5*z - 5*c - 115. Calculate the remainder when 53 is divided by z.
25
What is the remainder when -2 + (-4)/(-8)*6 is divided by 1?
0
Suppose -4*y = l - 129, 516 = 3*l + l + y. Suppose 6*x - l = 105. Let g(p) = -13*p + 1. Calculate the remainder when x is divided by g(-1).
11
Let j be (-4)/(-26) - (-934)/13. Suppose 5*g - 2*g = j. Let z(w) = w + 13. Calculate the remainder when g is divided by z(0).
11
Suppose 0*p - 5*p = -30. Let b(j) = -j**3 - 5*j**2 - 5*j - 4. Let a be b(-4). What is the remainder when a + 2/(4/34) is divided by p?
5
Let q be (-55)/5 + (-1)/(-1). Let l = q - -62. What is the remainder when l is divided